when 252925 is divided by 107?
84
Calculate the remainder when 157291084 is divided by 2174.
10
Calculate the remainder when 572552 is divided by 435.
92
What is the remainder when 835068590 is divided by 33?
26
What is the remainder when 13790951 is divided by 2758189?
6
What is the remainder when 449696449 is divided by 6428?
6425
What is the remainder when 11876793 is divided by 2246?
2191
What is the remainder when 2901360 is divided by 413?
35
What is the remainder when 213117 is divided by 1013?
387
Calculate the remainder when 50928157 is divided by 322.
315
Calculate the remainder when 563854 is divided by 40254.
298
What is the remainder when 1057730 is divided by 1057723?
7
Calculate the remainder when 305678645 is divided by 22.
19
What is the remainder when 13027823 is divided by 27?
26
Calculate the remainder when 319223504 is divided by 670.
664
What is the remainder when 6886623 is divided by 54?
3
What is the remainder when 2379997 is divided by 1295?
1082
What is the remainder when 237868 is divided by 2078?
976
Calculate the remainder when 11833971 is divided by 11467.
27
What is the remainder when 150307 is divided by 1295?
87
Calculate the remainder when 28597616 is divided by 165.
146
What is the remainder when 87669337 is divided by 146?
133
Calculate the remainder when 442229 is divided by 31.
14
Calculate the remainder when 37437 is divided by 17856.
1725
Calculate the remainder when 80047462 is divided by 6297.
6295
Calculate the remainder when 241895 is divided by 1793.
1633
What is the remainder when 7983523 is divided by 835?
88
What is the remainder when 4752025 is divided by 2559?
2521
What is the remainder when 104725 is divided by 13088?
21
Calculate the remainder when 22261223 is divided by 1892.
1843
Calculate the remainder when 36956337 is divided by 795.
762
Calculate the remainder when 373093 is divided by 26641.
119
What is the remainder when 598492 is divided by 1351?
1350
Calculate the remainder when 1472427 is divided by 245373.
189
What is the remainder when 287104 is divided by 284704?
2400
Calculate the remainder when 67366 is divided by 783.
28
What is the remainder when 12922839 is divided by 391600?
39
Calculate the remainder when 109299 is divided by 399.
372
Calculate the remainder when 485422 is divided by 3792.
46
What is the remainder when 14073397 is divided by 40?
37
What is the remainder when 37218 is divided by 37?
33
Calculate the remainder when 57374466 is divided by 3187469.
24
What is the remainder when 3180879 is divided by 2778?
69
What is the remainder when 237285 is divided by 10725?
1335
What is the remainder when 114951 is divided by 7166?
295
Calculate the remainder when 3335111 is divided by 238212.
143
Calculate the remainder when 16301171 is divided by 10233.
2
What is the remainder when 245502047 is divided by 882?
875
What is the remainder when 36986901 is divided by 95?
76
What is the remainder when 187750 is divided by 93571?
608
Calculate the remainder when 429751 is divided by 342.
199
Calculate the remainder when 263119 is divided by 15411.
1132
What is the remainder when 642972 is divided by 64293?
42
What is the remainder when 357439 is divided by 847?
5
Calculate the remainder when 37454 is divided by 3218.
2056
What is the remainder when 15838 is divided by 24?
22
Calculate the remainder when 642523 is divided by 770.
343
What is the remainder when 3112335 is divided by 486?
477
Calculate the remainder when 55491816 is divided by 993.
990
What is the remainder when 141466822 is divided by 972?
970
What is the remainder when 92164 is divided by 7075?
189
Calculate the remainder when 64407067 is divided by 245.
242
What is the remainder when 586144990 is divided by 24?
22
What is the remainder when 15811263 is divided by 68447?
6
What is the remainder when 520 is divided by 282?
238
Calculate the remainder when 406886 is divided by 27.
23
What is the remainder when 312322 is divided by 663?
49
What is the remainder when 7080 is divided by 5051?
2029
What is the remainder when 542215 is divided by 30120?
55
What is the remainder when 70963507 is divided by 68?
67
Calculate the remainder when 49953678 is divided by 384.
270
What is the remainder when 11533512 is divided by 22?
12
Calculate the remainder when 6050114 is divided by 1008308.
266
What is the remainder when 26122 is divided by 5152?
362
What is the remainder when 8149560 is divided by 2716475?
135
What is the remainder when 72106874 is divided by 1847?
1841
Calculate the remainder when 177732 is divided by 3414.
204
Calculate the remainder when 8946052 is divided by 4473025.
2
Calculate the remainder when 188641 is divided by 93709.
1223
Calculate the remainder when 5506 is divided by 255.
151
What is the remainder when 1964989 is divided by 41808?
13
What is the remainder when 191833 is divided by 17?
5
Calculate the remainder when 10812142 is divided by 138617.
16
Calculate the remainder when 202985 is divided by 50717.
117
What is the remainder when 5571470 is divided by 2275?
2270
What is the remainder when 16872581 is divided by 381?
377
Calculate the remainder when 487937 is divided by 285.
17
Calculate the remainder when 203436 is divided by 28051.
7079
Calculate the remainder when 1482036 is divided by 339.
267
Calculate the remainder when 18678827 is divided by 62.
25
Calculate the remainder when 62787 is divided by 1284.
1155
What is the remainder when 5793934 is divided by 144848?
14
What is the remainder when 35123759 is divided by 5?
4
Calculate the remainder when 10511316 is divided by 2627757.
288
What is the remainder when 4217928 is divided by 353?
284
Calculate the remainder when 3161768 is divided by 59621.
1855
Calculate the remainder when 117095687 is divided by 12.
11
Calculate the remainder when 24630554 is divided by 793.
767
Calculate the remainder when 27940600 is divided by 28.
16
What is the remainder when 1862165 is divided by 5873?
424
Calculate the remainder when 1299907 is divided by 1208.
99
Calculate the remainder when 555094863 is divided by 201.
198
What is the remainder when 14441433 is divided by 123431?
6
What is the remainder when 4989861 is divided by 158?
63
What is the remainder when 31802 is divided by 29877?
1925
What is the remainder when 8581873 is divided by 345?
343
Calculate the remainder when 16363 is divided by 1202.
737
Calculate the remainder when 456442 is divided by 237.
217
What is the remainder when 5047434 is divided by 174?
42
Calculate the remainder when 4534502235 is divided by 11.
10
Calculate the remainder when 60047185 is divided by 116.
17
What is the remainder when 467899 is divided by 313?
277
What is the remainder when 79719547 is divided by 432?
427
Calculate the remainder when 6933229 is divided by 2311057.
58
What is the remainder when 1392093 is divided by 31?
7
Calculate the remainder when 36549443 is divided by 518.
399
What is the remainder when 11485366 is divided by 26?
22
Calculate the remainder when 10140025 is divided by 980.
945
What is the remainder when 1080629028 is divided by 61?
59
What is the remainder when 1012404 is divided by 2132?
1836
What is the remainder when 18405586 is divided by 2623?
2618
What is the remainder when 61828 is divided by 7723?
44
Calculate the remainder when 29962624 is divided by 14981278.
68
What is the remainder when 6734962 is divided by 171?
127
Calculate the remainder when 45141 is divided by 10429.
3425
What is the remainder when 12368591 is divided by 25?
16
Calculate the remainder when 949013 is divided by 250.
13
What is the remainder when 1296268 is divided by 30863?
22
Calculate the remainder when 552379 is divided by 125.
4
What is the remainder when 1276529747 is divided by 1113?
1109
What is the remainder when 302993144 is divided by 419?
417
What is the remainder when 1430422 is divided by 914?
12
What is the remainder when 46625 is divided by 212?
197
Calculate the remainder when 156593 is divided by 208.
177
Calculate the remainder when 195144 is divided by 2602.
2596
Calculate the remainder when 14592200 is divided by 8291.
40
Calculate the remainder when 75698 is divided by 54.
44
What is the remainder when 490344 is divided by 244013?
2318
Calculate the remainder when 7